ulate the greatest common divisor of 69 and o.
69
Let t = -3048 - -3283. What is the highest common factor of t and 10?
5
Let f = 374 + -206. Let u = 242 - f. Let t = -72 + u. What is the highest common factor of t and 18?
2
Let j be 6/(201/24 + -8). Suppose -2*a - 5*o - 64 = -6*a, -4*o = j. Calculate the highest common divisor of 407 and a.
11
Suppose 4*h - 98 - 111 = -s, -h + 3*s + 62 = 0. Suppose 417*c - 4081 = 406*c. What is the greatest common divisor of h and c?
53
Let g(q) = -55*q + 456. Let m be g(8). What is the greatest common factor of m and 236?
4
Suppose -33*m - 4374 + 12654 = 13*m. Suppose 5*c = -0*c + 120. What is the highest common factor of c and m?
12
Suppose -35 = -6*r + r. Let d(a) = -2*a**2 - 5*a. Let u be d(-2). Suppose r = -k + u*k. Calculate the greatest common factor of k and 7.
7
Let q = -49 + 73. Let i(u) = 2*u**2 + u + 6. Let s be i(-4). Suppose t - s = -3*r, 5*t - t + 5*r - 150 = 0. Calculate the highest common factor of t and q.
8
Let y = 1265 + 4270. What is the highest common factor of 135 and y?
135
Suppose -5*f = 3*h - 769, 2*h - 275 = 5*f + 246. Calculate the highest common divisor of h and 817.
43
Let g = -6 + 9. Suppose -12 = -3*m, 9 + 19 = s + g*m. Suppose -3*a = -81 + 66, -3*a - 81 = -3*z. What is the highest common factor of s and z?
16
Suppose -2*d - 64 = v, -48*v + 49*v + 3*d = -67. Let c be 2190/3*(-2)/5. Let q = v - c. What is the highest common factor of 26 and q?
26
Suppose 6*z + 1 = z + 271. Calculate the highest common factor of 11286 and z.
54
Let b(v) = v**3 + 18*v**2 - 22*v + 58. Let y be b(-17). Suppose 3*r - 4*d = y, -5*r + 1217 = d - 0*d. Calculate the greatest common divisor of 135 and r.
27
Suppose 24*u + 106 = 154. Let l(b) = 0*b - 1 + 3*b**3 + 3*b - 3*b**2 - 2*b. Let t be l(u). Calculate the highest common divisor of 195 and t.
13
Let t = -125 + 235. Suppose n = -y - 80, -3*n - t - 46 = 2*y. Let j = y + 94. What is the greatest common factor of 90 and j?
10
Let h(q) = q**2 - 12*q - 21. Let w = -130 + 144. Let p be h(w). Let x = 153 + -90. What is the greatest common factor of x and p?
7
Let h(k) be the first derivative of 13*k**3/3 + 4*k**2 + 4*k + 21. Let s be h(-5). Suppose 8*o = s + 1591. Calculate the greatest common divisor of 47 and o.
47
Let l = 265287 + -265283. Let q(o) = o**2 - o. Let s be q(-2). Calculate the greatest common factor of l and s.
2
Let j(i) = 1521*i - 3014. Let a be j(2). What is the greatest common divisor of 2366 and a?
14
Suppose 15*l + 2421 = 6*l. Let u = 620 + l. Calculate the highest common divisor of u and 13.
13
Suppose 14061 = 41*c - 17427. Calculate the greatest common divisor of c and 672.
96
Let h be 5/(-15)*2103/(-1). Suppose -n + h = -12*y + 13*y, 1403 = 2*n + 3*y. Calculate the highest common divisor of 28 and n.
28
Suppose n - 3*n + 5*u + 93 = 0, -3*u - 179 = -4*n. Suppose 60*o + 24 = 54*o. Let r be (-88)/(o + 54/15). What is the highest common divisor of r and n?
44
Let q = -1932 - -2582. What is the greatest common factor of 25 and q?
25
Let f(b) = -b**3 + 30*b**2 + 41*b - 180. Let v be f(31). Let c = v + -120. Calculate the greatest common divisor of 75 and c.
5
Let n(i) = i**2 + 25*i + 20. Let b be n(-20). Let y = 137 + b. What is the greatest common factor of 38 and y?
19
Let i(p) = p**2 + 16*p + 59. Let l be i(-11). Let c be l + (-1 - (1 - 35)). Calculate the highest common divisor of 111 and c.
37
Suppose 111 = -4*d + 1715. Let x = d - 241. Calculate the greatest common factor of x and 64.
32
Let z(h) = 63*h**3 + h**2 + h - 2. Let a be z(1). Let s(j) = -j + 8. Let g be s(8). Suppose 42 = o - g*o. What is the greatest common divisor of a and o?
21
Suppose -64870 = 42*i - 478738. What is the highest common factor of i and 104?
26
Suppose 16*u - 20*u + 621 = 3*b, -941 = -6*u + 5*b. Calculate the highest common factor of u and 324.
12
Suppose -32*q + 20*q + 43136 = -4*q. What is the greatest common factor of 80 and q?
16
Let d(c) = -2*c**2 - 55*c - 75. Let m be d(-20). Let l be 24 + (-4)/(0 + -4). Calculate the greatest common divisor of l and m.
25
Suppose -748*l + 63318 + 400442 = 0. Suppose 5*y + 18 = 118. Calculate the highest common factor of y and l.
20
Suppose 4*w + 82 = 242. Suppose 22*l = 2657 + 1743. Calculate the greatest common factor of w and l.
40
Suppose -4*j + 1414 = o - 165, 0 = -5*j - 4*o + 1960. Let u(z) = 2*z**3 + 98*z**2 - 554*z - 580. Let s be u(-54). What is the highest common divisor of j and s?
44
Suppose -2*k - 3*k + 300 = 0. Suppose 114*d - 97*d = 134 + 682. What is the highest common divisor of d and k?
12
Let r = 38324 - 3258. What is the highest common divisor of 178 and r?
178
Let d = -8 + 20. Let p(f) = f**2 - 12*f + 120. Suppose 79*g - 73*g = 0. Let v be p(g). What is the highest common factor of d and v?
12
Suppose 156 = 3*l - 222. Calculate the highest common factor of l and 522.
18
Suppose -2*s + 10028 = -12*m + 16*m, m + 5*s = 2498. What is the greatest common divisor of m and 1188?
132
Suppose -d + 42*d + 17958 = 0. Let z = 630 + d. Calculate the highest common divisor of 36 and z.
12
Let z(m) = -m**3 - 7*m**2 + 5*m + 83. Let p be z(-15). Calculate the greatest common factor of p and 16.
16
Suppose 0 = -2*t + 5*n - 429, -441 = 3*t - 3*n + 207. Let g = 388 + t. Calculate the greatest common factor of g and 19.
19
Suppose 8*r - 2323 = 1605 + 1480. Calculate the highest common divisor of r and 260.
52
Suppose -18*x + 186 = -12*x. Let i be 3*(-21)/1*x/(-279). What is the highest common factor of 63 and i?
7
Let d = -448 - -468. Suppose -42 = -p - 3*g - 9, -d = -4*g. Calculate the greatest common divisor of p and 18.
18
Let t = -68 + 50. Let z(q) = -q**3 - 17*q**2 + 15*q + 11. Let k be z(t). Let d = -33 + 46. What is the highest common divisor of d and k?
13
Let j(l) be the second derivative of l**3/3 + 61*l**2 + 23*l - 2. Let s be j(-28). What is the highest common factor of 88 and s?
22
Let j(v) = -6*v**2 - 231*v - 100. Let r be j(-38). What is the greatest common factor of 3724 and r?
14
Suppose -44*r - 2420 = -54*r. Suppose 5*s + 512 = 3*f + 124, -5*s = 2*f - r. Calculate the greatest common divisor of f and 36.
18
Let p be (1183/39 - 28)/((-1)/(-246)). What is the highest common factor of 1558 and p?
82
Suppose -19 = 5*l - 4*l + 4*h, 2*h = -5*l - 5. Suppose p + l = -1. Let j be p/(-25)*5 - (-1976)/10. What is the greatest common divisor of j and 18?
18
Suppose -31*b + 198 = -13*b. Suppose b*c = c + 200. Let o = -6 + 26. What is the highest common factor of o and c?
20
Let z = -211 - -374. Let x = z + 116. Calculate the greatest common divisor of x and 31.
31
Suppose 0 = -99*c - 131271 + 245563 + 169739. What is the highest common divisor of 38 and c?
19
Suppose -21*v = -191 + 44. What is the highest common factor of 1477 and v?
7
Suppose -19 = -3*x - 1. Let n(k) = -2*k + 75. Let t be n(x). Calculate the greatest common divisor of 27 and t.
9
Let n(u) = u**3 - 17*u**2 + u - 13. Let f be n(17). Let r be (-22)/18 + f/18 + 2. Suppose -2*v + 127 = -r. Calculate the highest common divisor of v and 160.
32
Let j(k) = 14*k**2 - 1087*k + 3259. Let t be j(3). Calculate the highest common factor of t and 4185.
31
Let g be 42*((-2)/(-16))/((2 - 6)/(-16)). Calculate the greatest common factor of 48 and g.
3
Suppose -4*s = -6*s + 5*y - 20, 4*s - 4 = -y. Let d(t) = -t**3 - 8*t**2 + 299. Let m be d(s). Calculate the highest common divisor of m and 23.
23
Let w(p) = p**2 + 7*p + 15. Suppose -9*v - 62 + 8 = 0. Let y be w(v). Let g = -69 - -132. What is the highest common factor of y and g?
9
Let u(p) = -276*p + 2367. Let j be u(8). Calculate the greatest common factor of j and 12.
3
Let r be (-3708)/(-216) - (-3)/(-18). Let s(a) = a**3 + 12*a**2 + 13*a + 7. Let o be s(-11). Let l = 32 + o. What is the greatest common factor of r and l?
17
Let y(m) = -110*m - 2238. Let v be y(-63). What is the greatest common factor of 23 and v?
23
Let y be (12/2 - -319) + 14. What is the highest common divisor of 18 and y?
3
Let c = -112 + 21. Let o = c - -95. What is the greatest common factor of 15 and o?
1
Suppose 20*w + 36 = 36. Suppose w = -s + 66 + 1176. What is the highest common factor of 46 and s?
46
Suppose 9385 - 537 = 79*s. What is the highest common factor of 12 and s?
4
Let v(d) = -d**3 - 3*d**2 + 8*d + 2. Let a be (1 + (